der when 155 is divided by 78.
77
Calculate the remainder when 416 is divided by 122.
50
Calculate the remainder when 3398 is divided by 849.
2
What is the remainder when 296 is divided by 15?
11
Calculate the remainder when 13630 is divided by 12.
10
What is the remainder when 31 is divided by 26?
5
Calculate the remainder when 946 is divided by 363.
220
What is the remainder when 120 is divided by 117?
3
Calculate the remainder when 995 is divided by 144.
131
Calculate the remainder when 411 is divided by 69.
66
What is the remainder when 1286 is divided by 170?
96
Calculate the remainder when 888 is divided by 432.
24
What is the remainder when 1053 is divided by 521?
11
Calculate the remainder when 1218 is divided by 175.
168
What is the remainder when 2827 is divided by 4?
3
Calculate the remainder when 112 is divided by 32.
16
What is the remainder when 1185 is divided by 148?
1
What is the remainder when 1128 is divided by 561?
6
Calculate the remainder when 121 is divided by 25.
21
Calculate the remainder when 274 is divided by 42.
22
What is the remainder when 149 is divided by 39?
32
Calculate the remainder when 9039 is divided by 113.
112
Calculate the remainder when 184 is divided by 170.
14
Calculate the remainder when 330 is divided by 84.
78
What is the remainder when 111 is divided by 58?
53
What is the remainder when 126 is divided by 74?
52
What is the remainder when 3586 is divided by 189?
184
What is the remainder when 153 is divided by 78?
75
Calculate the remainder when 184 is divided by 87.
10
Calculate the remainder when 621 is divided by 82.
47
What is the remainder when 1199 is divided by 187?
77
Calculate the remainder when 131 is divided by 68.
63
Calculate the remainder when 525 is divided by 16.
13
What is the remainder when 113 is divided by 19?
18
Calculate the remainder when 863 is divided by 54.
53
Calculate the remainder when 785 is divided by 51.
20
What is the remainder when 9 is divided by 8?
1
What is the remainder when 200 is divided by 6?
2
Calculate the remainder when 14 is divided by 11.
3
What is the remainder when 128 is divided by 51?
26
Calculate the remainder when 123 is divided by 25.
23
Calculate the remainder when 114 is divided by 100.
14
Calculate the remainder when 921 is divided by 21.
18
What is the remainder when 240 is divided by 75?
15
Calculate the remainder when 1277 is divided by 422.
11
What is the remainder when 1449 is divided by 22?
19
What is the remainder when 285 is divided by 23?
9
What is the remainder when 34 is divided by 8?
2
What is the remainder when 127 is divided by 101?
26
Calculate the remainder when 502 is divided by 72.
70
Calculate the remainder when 139 is divided by 28.
27
What is the remainder when 287 is divided by 100?
87
Calculate the remainder when 202 is divided by 109.
93
What is the remainder when 230 is divided by 37?
8
Calculate the remainder when 142 is divided by 27.
7
What is the remainder when 277 is divided by 101?
75
What is the remainder when 7599 is divided by 21?
18
Calculate the remainder when 38358 is divided by 140.
138
What is the remainder when 1421 is divided by 33?
2
What is the remainder when 258 is divided by 130?
128
Calculate the remainder when 498 is divided by 42.
36
What is the remainder when 217 is divided by 2?
1
Calculate the remainder when 747 is divided by 186.
3
Calculate the remainder when 1110 is divided by 157.
11
What is the remainder when 467 is divided by 27?
8
What is the remainder when 92 is divided by 54?
38
Calculate the remainder when 23776 is divided by 13.
12
Calculate the remainder when 910 is divided by 19.
17
Calculate the remainder when 1875 is divided by 67.
66
Calculate the remainder when 1289 is divided by 15.
14
Calculate the remainder when 93 is divided by 20.
13
What is the remainder when 1214 is divided by 163?
73
Calculate the remainder when 1784 is divided by 8.
0
What is the remainder when 318 is divided by 46?
42
What is the remainder when 617 is divided by 122?
7
What is the remainder when 1497 is divided by 137?
127
What is the remainder when 99 is divided by 17?
14
What is the remainder when 172 is divided by 58?
56
Calculate the remainder when 599 is divided by 85.
4
What is the remainder when 1343 is divided by 4?
3
Calculate the remainder when 674 is divided by 217.
23
Calculate the remainder when 58 is divided by 17.
7
Calculate the remainder when 323 is divided by 67.
55
Calculate the remainder when 2451 is divided by 214.
97
Calculate the remainder when 880 is divided by 21.
19
Calculate the remainder when 905 is divided by 70.
65
Calculate the remainder when 2102 is divided by 39.
35
What is the remainder when 845 is divided by 43?
28
Calculate the remainder when 249 is divided by 20.
9
What is the remainder when 18 is divided by 9?
0
What is the remainder when 403 is divided by 58?
55
Calculate the remainder when 305 is divided by 24.
17
What is the remainder when 899 is divided by 4?
3
Calculate the remainder when 1430 is divided by 102.
2
Calculate the remainder when 7509 is divided by 17.
12
Calculate the remainder when 212 is divided by 55.
47
Calculate the remainder when 392 is divided by 79.
76
Calculate the remainder when 220 is divided by 108.
4
What is the remainder when 542 is divided by 50?
42
What is the remainder when 87 is divided by 12?
3
Calculate the remainder when 264 is divided by 53.
52
Calculate the remainder when 101 is divided by 6.
5
What is the remainder when 1449 is divided by 121?
118
Calculate the remainder when 4683 is divided by 204.
195
Calculate the remainder when 366 is divided by 18.
6
What is the remainder when 6838 is divided by 114?
112
What is the remainder when 247 is divided by 63?
58
Calculate the remainder when 188 is divided by 100.
88
What is the remainder when 957 is divided by 137?
135
Calculate the remainder when 1346 is divided by 661.
24
Calculate the remainder when 121 is divided by 14.
9
Calculate the remainder when 75 is divided by 44.
31
Calculate the remainder when 69 is divided by 60.
9
Calculate the remainder when 71 is divided by 30.
11
Calculate the remainder when 79 is divided by 7.
2
Calculate the remainder when 1987 is divided by 51.
49
What is the remainder when 207 is divided by 21?
18
Calculate the remainder when 2529 is divided by 18.
9
What is the remainder when 52333 is divided by 8?
5
Calculate the remainder when 1002 is divided by 192.
42
What is the remainder when 792 is divided by 51?
27
Calculate the remainder when 302 is divided by 69.
26
Calculate the remainder when 454 is divided by 93.
82
What is the remainder when 486 is divided by 93?
21
What is the remainder when 352 is divided by 312?
40
What is the remainder when 193 is divided by 30?
13
What is the remainder when 2185 is divided by 15?
10
What is the remainder when 160 is divided by 3?
1
What is the remainder when 35 is divided by 18?
17
Calculate the remainder when 1328 is divided by 12.
8
Calculate the remainder when 2315 is divided by 71.
43
What is the remainder when 162 is divided by 58?
46
What is the remainder when 489 is divided by 16?
9
Calculate the remainder when 88 is divided by 19.
12
What is the remainder when 148 is divided by 82?
66
Calculate the remainder when 233 is divided by 114.
5
Calculate the remainder when 79 is divided by 25.
4
What is the remainder when 929 is divided by 192?
161
Calculate the remainder when 47 is divided by 25.
22
What is the remainder when 3589 is divided by 58?
51
What is the remainder when 7526 is divided by 41?
23
What is the remainder when 626 is divided by 158?
152
Calculate the remainder when 237 is divided by 211.
26
Calculate the remainder when 452 is divided by 171.
110
What is the remainder when 161 is divided by 33?
29
What is the remainder when 1016 is divided by 469?
78
Calculate the remainder when 39 is divided by 27.
12
Calculate the remainder when 442 is divided by 117.
91
Calculate the remainder when 274 is divided by 6.
4
What is the remainder when 322 is divided by 38?
18
What is the remainder when 1076 is divided by 98?
96
What is the remainder when 536 is divided by 11?
8
What is the remainder when 80 is divided by 18?
8
Calculate the remainder when 130 is divided by 22.
20
Calculate